 be 1 - (2 + -3) - 0. Let w(n) = 3 - 4 + 3*n**x - 4*n**2 + n. What is w(h)?
-1
Let c(h) = 5*h + 4*h - 10*h - 6 + 2. What is c(-7)?
3
Suppose z - 4*z = 30. Let q be (z/6)/(1/(-3)). Let u(j) be the second derivative of j**4/12 - 5*j**3/6 - 3*j**2/2 - 9*j. Give u(q).
-3
Let d(m) be the third derivative of -m**5/60 + m**4/24 - m**3/6 - 8*m**2. Calculate d(2).
-3
Let g(l) = -l**2 + 11*l - 9. Let y(o) = o**2 - 12*o + 10. Let a(i) = -5*g(i) - 4*y(i). Calculate a(7).
5
Let t(w) be the first derivative of w**4/4 - w**3/3 - w**2/2 + 2. Suppose -8*f + 2 = -7*f. Determine t(f).
2
Let i(l) = -2*l - 18. Let v be i(-12). Let k(r) = 0*r**2 + r**2 - 2*r**2 - v - 5*r. Calculate k(-5).
-6
Let l(j) = -j**2 + 5*j - 1. Let b = 657 - 987. Let f be (-4)/(-14) + b/(-21). Suppose 0 = -u + 2*k + 8, -5*u + f = 2*k. What is l(u)?
3
Let r = -3 + 9. Let f(i) = -i - 3 + 3*i + r + 0. Give f(-2).
-1
Let p(s) = -4*s - 2. Let k be (1/2)/(2/(-8)). What is p(k)?
6
Let h(u) = 21*u - 4. Let q(b) = 4*b - 1. Let t(c) = -2*h(c) + 11*q(c). Determine t(-8).
-19
Let x(c) = -3*c + 6*c + 1 - 2*c. Let d(b) = -b - 5. Let w(v) = d(v) + 2*x(v). Calculate w(7).
4
Let m(x) = -2*x**3 + 2*x**2 + x. Let u(n) = -4*n**3 + 1. Let h be u(1). Let r be -6 + 0 + (-2 - (6 - 5)). Let i be (-4)/h - 6/r. What is m(i)?
-6
Let j(c) be the first derivative of -c**2/2 + 2*c + 8. Give j(6).
-4
Suppose 0 = 3*o + 4*b - 8, 4*o = b + b + 18. Suppose d + o = 2*d. Let h(c) = -c**3 + 5*c**2 - 1. Let m(q) = q + 1. Let y(v) = h(v) - 4*m(v). What is y(d)?
-5
Let r be ((-8)/6)/(8/12). Let v(m) = m**3 + 2*m**2 + 3*m + 3. Calculate v(r).
-3
Let o(c) = -5*c**3 + 15*c**2 + 17*c - 2. Let p(y) be the first derivative of y**4/2 - 5*y**3/3 - 3*y**2 + y + 2. Let a(j) = -3*o(j) - 8*p(j). Give a(-3).
-11
Let m be 104/(-12) - 2/(-3). Let v = m + 12. Let p(i) = -3*i + 7. Let w(s) = 13*s - 28. Let u(y) = 9*p(y) + 2*w(y). Determine u(v).
3
Suppose -4*m + 5*f - 11 = -68, -2*m + 11 = f. Let u be (-2)/m + 13/4. Let z(v) = 0*v**2 + 9*v - u*v**2 - 7*v - 2*v**3 + v**3. Calculate z(-3).
-6
Let s(f) = f**2 - 5*f + 7. Let p(r) = 2*r + 3. Let g be p(3). Let v = -27 - -32. Suppose -3*h + v*h - g = -l, l - 7 = -h. Give s(l).
7
Let p(f) = -f + 1. Let q(w) = 4*w - 4. Let j(x) = -14*p(x) - 4*q(x). Determine j(-2).
6
Let f be ((-4)/(-8))/(2/20). Suppose -f*u + 7 + 18 = 0. Let d(v) = 2*v - 3*v + 0*v + 9. Give d(u).
4
Let b(v) be the first derivative of 7*v**4/2 + 2*v**3/3 - v**2/2 - 6. Calculate b(1).
15
Suppose 3*a - 4 = -2*n, 3*n = -0*a - 5*a + 7. Let h(b) be the second derivative of -b**5/20 + b**4/4 + b**3/2 - 3*b**2/2 + b. Determine h(a).
7
Let a(s) = -2*s**2 + 18*s - 29. Let j(o) = -o**2 + 9*o - 14. Let x(y) = 2*a(y) - 5*j(y). Let n be x(8). Let q(z) = 4 - 5 - 3*z + z**2 + n - 1. Give q(3).
2
Let t(i) be the third derivative of -i**5/60 - 5*i**4/24 + 2*i**3/3 + i**2. What is t(-5)?
4
Let m(w) = -w**3 + 0*w + 2*w + 2*w**3 - 6 - 5*w + 4*w**2. Let j be m(-4). Let n = -10 + j. Let y(z) = -z**3 - 4*z**2 - 1. Determine y(n).
-1
Let w(h) = h**2 - 4*h + 2. Let k(q) = -2*q**2 + 7*q - 3. Let d(m) = -3*k(m) - 5*w(m). Give d(-1).
1
Let x(y) = -4*y**2 + y**3 - 5 + 0*y**2 + 2*y**3 + 3*y - 2*y**3. Give x(4).
7
Suppose -5*r + 12 - 2 = 0. Let t(s) be the second derivative of -s**6/360 - s**5/60 - s**3/6 - 4*s. Let u(d) be the second derivative of t(d). What is u(r)?
-8
Let s(v) = 2*v + 1. Let n = -26 + 36. Let u be n/(-35) + 4/14. Suppose -t + 2 - 4 = u. Determine s(t).
-3
Let v(m) be the second derivative of -m**3/2 - m**2/2 - 8*m. Determine v(-3).
8
Let o(d) = d + 11. Let q = 3 - 1. Let p(m) = -q*m**3 - 3*m**2 + m**3 + 9*m**2 - 5. Let j be p(6). Calculate o(j).
6
Let t(o) be the third derivative of -5*o**4/12 + 24*o**2. Calculate t(-1).
10
Let l(q) = -2*q - 2. Let j(b) = -b**3 + 9*b**2 - 8*b - 2. Let t be j(8). Determine l(t).
2
Let d(i) = i**2 - 4*i + 1. Suppose -6*l + 4*l + 8 = 0. Suppose -l = -6*s + 5*s. Determine d(s).
1
Suppose 0 = 20*i - 15*i. Let g(b) = -b + 19. What is g(i)?
19
Suppose -10 = -2*f + 12. Let r(p) = -11 + 5*p - p + f. Calculate r(1).
4
Let p(m) = 2*m + 1. Let a(q) = q + 1. Let w(v) = v + 3. Let d(x) = -2*a(x) + w(x). Let l(b) = -3*d(b) - p(b). Calculate l(4).
0
Let a(x) = x**3 - x**2 - x + 1. Let p be a(0). Let q(n) = 0 + p + 3*n - 1. Calculate q(1).
3
Let q(t) = t**3 + 5*t**2 + t. Let r = 13 - 17. What is q(r)?
12
Let k(v) = -v**3 + 6*v**2 - 7*v + 7. Let r(i) = -2*i - 10. Let o be r(-6). Suppose -15 = -w - o*w. Give k(w).
-3
Let j(b) be the second derivative of b**3/6 - 5*b**2/2 - b. Suppose 0 = -3*k + 3*i - i, 0 = 4*k - 5*i. Give j(k).
-5
Let j(a) = a**2 + 4. Let n be j(0). Let c(g) = 3 - 2 + 2*g + 3 - 3*g. Let z(k) = k - 4. Let t(f) = 3*c(f) + 4*z(f). What is t(n)?
0
Let c(q) = q**3 + q**2 + q. Let b be c(2). Let m = b - 7. Suppose 2*a + o = m, -a + o = a - 5. Let h(j) = 2*j - 3. Determine h(a).
3
Suppose -4*p + 10 = 2*f, 2*p - 34 = 4*f - 4. Suppose -35 = -3*t - 2*t. Let z(c) = 4 - t - 2*c + 8. Give z(p).
-5
Suppose 2*x = h - 2 - 2, -2*x = 3*h + 4. Let f(n) = h*n - n + 2*n + 6. Suppose -5*b = -6 + 31. Calculate f(b).
1
Let w be 116/(-20) - 2/(-10)*-1. Let a(f) = -f**3 - 7*f**2 - 5*f + 3. Determine a(w).
-3
Suppose 7*b - 5 = 3*b - 5*r, 4*r = 4*b + 4. Let j(z) = -6*z**2 + z + b*z - z**2 + 8*z**2 - 3. Calculate j(0).
-3
Let c be (-38)/(-6) + 2/(-6). Let t(k) = -50*k + 60*k - 3 - 8*k. Calculate t(c).
9
Let u(a) = 0 + 0 - 1. Let n(c) = -2*c + 4. Let s(o) = n(o) + 3*u(o). Calculate s(-4).
9
Let t = 14 - 10. Let l(g) = -2*g + 2. Let s = -7 + 6. Let k(w) = -w + 1. Let j(h) = s*l(h) + k(h). Determine j(t).
3
Let c(n) = -7*n - 1. Suppose 3*l + 2 = x + 6*l, 5*x + 3*l = -2. Determine c(x).
6
Let p(i) = i. Let l(y) = -y - 4. Let n be l(-8). Let r = n + -9. What is p(r)?
-5
Let v = 8 + -3. Suppose -3*n - 14 = 5*f, v*n - 3*f - 3 = -15. Let c(j) = j. Determine c(n).
-3
Let v(w) be the third derivative of 0 + 1/12*w**4 - 3*w**2 + 0*w + 1/6*w**3 + 2/15*w**5. Calculate v(-1).
7
Let f(i) be the first derivative of -i**3 + 0*i + 1 - 1/24*i**4 - i**2. Let h(l) be the second derivative of f(l). Determine h(-5).
-1
Let u = 6 - 0. Let c = 10 - u. Let d(z) = z**2 - 4*z + 1. Calculate d(c).
1
Let r(h) = 183 - 2*h**3 + 4*h**3 + 2*h**2 + 0*h - 182 + 2*h. What is r(-1)?
-1
Let m(q) = q**3 - 5*q**2 - 7*q + 6. Suppose 3*k + 47 = j, k + k + 34 = 2*j. Let c be (20/k)/((-2)/9). Determine m(c).
0
Suppose -4 = z - 8. Suppose 0 = 4*a - v - z, 5*a - a - 3*v + 4 = 0. Let i(n) = -4 + 0*n**2 - 4*n**a + 0*n**2 + 3*n**2 - n. Calculate i(0).
-4
Let w(m) = -m - 5. Suppose -u - 2 = 0, u + u - 36 = -5*i. Let s be -14*(4/i)/1. Calculate w(s).
2
Let d(i) be the first derivative of i**4/4 + 5*i**3/3 + 2*i**2 + i - 12. Calculate d(-4).
1
Let o(v) = -4*v**2 + 2. Let l(f) = -f**2 + 1. Let z(g) = 5*l(g) - o(g). Give z(0).
3
Let o(m) be the third derivative of m**4/8 + 12*m**2. Determine o(-1).
-3
Let f(d) = d**2 + 1. Let w be f(-2). Let y(v) = w*v - 5*v - v. What is y(-4)?
4
Suppose w + 1 = 2*w. Suppose -3*o + 4 = c - w, -c = -4*o + 2. Let p(t) be the second derivative of t**5/10 - t**4/3 + t**3/3 + t**2 + 2*t. What is p(c)?
6
Let a be (7 - 10)*(-1)/1. Let k(q) be the second derivative of -q**3/6 + q**2/2 - 2*q. Calculate k(a).
-2
Let q(s) = -s**3 + 5*s**2 - 4*s - 4. Let r = 0 + 4. Let b be q(r). Let a(j) = -j**3 - 3*j**2 + 4*j - 1. Determine a(b).
-1
Let o(d) = -d**3 - 2*d**2 + 2*d. Let t be o(-3). Suppose 10 = -t*u - 5. Let y = u - -7. Let a(x) = -x**2 - x + 1. Calculate a(y).
-5
Let v(l) = 3*l**3 - l**2 + 5*l + 1. Let c(g) = -g**3 - g - 1. Let o(w) = 4*c(w) + v(w). Determine o(-3).
12
Suppose 0 = -2*k + 8 + 2. Let c(q) = 0 - 4*q**2 + q**3 - 1 + 2 - 8 - 3*q. Calculate c(k).
3
Suppose 0 = -7*u + 6*u - 4. Let y(l) = -l**3 - 3*l**2 + 3*l + 1. Give y(u).
5
Let t(v) = -v. Let l be 1/3*(12 - 3). Let m(z) = -7*z - z**2 - 6 + 1 + l. Let f be m(-6). What is t(f)?
-4
Let a(y) = 4*y - 4. Let x be a(1). Let s(i) = 4*i - 13. Let v(l) = -7*l + 25. Let u(c) = 5*s(c) + 3*v(c). Determine u(x).
10
Let f be 4/(-10)*(-5)/2. Let n be f/(1 + 0) + 4. Let q(a) = 16*a - 24. Let d(l) = 3*l - 5. Let j(x) = 11*d(x) - 2*q(x). Give j(n).
-2
Let g(b) = -2*b + 3. Let t(y) = y**3 - 6*y**2 - 6*y - 3. Let f be t(7). Suppose 0 = 4*v - 3*c - 18, -5*v + 2 = f*c - 5. What is g(v)?
-3
Let u(c) be the first derivative of -c**3/3